d) = -d**3 + d**2 - 4*d + 5. What is w(2)?
-7
Let h(b) = -b**2 + 16*b + 14. Give h(19).
-43
Let d(m) = 5*m + 22. Determine d(-16).
-58
Let h(k) = k**3 - 2*k**2 - 9*k + 14. Give h(4).
10
Let t(n) = -12*n + 6. Give t(1).
-6
Let b(p) = -121*p + 1451. Calculate b(12).
-1
Let v(d) = d**3 + 13*d**2 + 22*d + 32. What is v(-10)?
112
Let x(c) = -4*c**2 + 55*c - 15. Give x(14).
-29
Let m(g) = -g**2 - 4*g + 7. Calculate m(-6).
-5
Let h(z) = z**3 + 7*z**2 - 9*z - 5. Give h(-8).
3
Let r(u) = u**2 - 14*u + 13. Calculate r(13).
0
Let s(p) = -5*p + 20. Determine s(5).
-5
Let r(c) = -4*c - 14. Calculate r(-5).
6
Let h(f) = f**2 - 9*f + 1. Calculate h(5).
-19
Let c(y) = -y**3 + 4*y**2. Determine c(3).
9
Let x(k) = -10*k + 21. Determine x(2).
1
Let v(t) = 49*t**2 - 2*t + 2. Determine v(1).
49
Let q(r) = -2*r + 4. Determine q(4).
-4
Let z(v) = 3*v**2 + 2*v - 56. Give z(0).
-56
Let w(x) = -x**2 - 9*x - 11. Determine w(-10).
-21
Let h(b) = -b**2 + 9*b - 8. Give h(10).
-18
Let f(r) = r**2 - 12*r + 33. What is f(5)?
-2
Let f(u) = 5*u + 15. What is f(-13)?
-50
Let f(a) = -a**3 + 8*a**2 + 3*a - 9. Determine f(7).
61
Let v(u) = 3*u - 51. Give v(17).
0
Let j(p) = 4*p + 29. Determine j(-9).
-7
Let u(p) = -p**3 + 4*p**2 - p - 2. Calculate u(2).
4
Let c(p) = 16*p + 116. Calculate c(-7).
4
Let l(b) = 15*b**3 + b**2 - 1. Determine l(1).
15
Let i(y) = -y**3 + 12*y**2 + 17*y - 3. Calculate i(13).
49
Let j(k) = k**2 - 6*k + 4. Give j(5).
-1
Let l(x) = -3*x**2 + 4*x - 1. Calculate l(3).
-16
Let k(w) = 15*w**3 - w - 1. Calculate k(-1).
-15
Let x(s) = -s**3 + 4*s**2 + 21*s - 19. Determine x(8).
-107
Let m(d) = 3*d**2 - 4*d - 3. Calculate m(4).
29
Let g(r) = 3*r**2 - 25*r + 3. Calculate g(8).
-5
Let o(h) = 4*h**2 - h + 10. What is o(3)?
43
Let f(o) = -2*o + 32. Determine f(17).
-2
Let j(c) = -12*c - 134. What is j(-11)?
-2
Let u(i) = -3*i - 53. Calculate u(-17).
-2
Let b(z) = 2*z**2 - 7*z + 17. Calculate b(9).
116
Let q(i) = -i - 13. Determine q(6).
-19
Let a(p) = -p**2 - p + 2. What is a(1)?
0
Let p(m) = -m**3 - 3*m**2 + 4*m + 7. What is p(-3)?
-5
Let l(z) = 4*z - 11. Give l(0).
-11
Let d(v) = v**3 - 10*v**2 + 2*v - 19. Give d(10).
1
Let w(a) = -39*a - 311. Determine w(-6).
-77
Let o(v) = 37*v + 346. Give o(-10).
-24
Let y(u) = 9*u + 106. Give y(-7).
43
Let c(k) = 7*k. What is c(1)?
7
Let s(x) = 6*x**3 + 5*x**2 - x - 5. Determine s(-1).
-5
Let n(w) = w**3 + 13*w**2 - 29*w + 11. Give n(-15).
-4
Let r(x) = 20*x - 21. What is r(4)?
59
Let k(v) = -v - 4. Determine k(13).
-17
Let o(m) = 4*m**2 + 90*m - 54. Calculate o(-23).
-8
Let k(m) = -m**2 - 17*m + 45. Calculate k(-19).
7
Let b(y) = -3*y**3 - y**2 + 2*y - 2. Calculate b(1).
-4
Let j(q) = 83*q + 1489. What is j(-18)?
-5
Let m(f) = -6*f**2 + f - 2. Determine m(1).
-7
Let n(j) = -6*j - 10. Calculate n(9).
-64
Let q(g) = g**2 - 15*g + 7. What is q(8)?
-49
Let q(u) = u**3 + u**2 - 3*u - 1. Give q(-2).
1
Let r(v) = -3*v - 17. Give r(5).
-32
Let h(v) = 2*v + 2. Calculate h(6).
14
Let i(p) = -p**2 + 26*p + 6. Determine i(26).
6
Let v(b) = -4*b**3 + b**2 + 2*b + 1. Give v(-1).
4
Let i(k) = -k**3 + 8*k**2 - 5*k + 3. Give i(3).
33
Let q(p) = -4*p + 6. Give q(-5).
26
Let z(o) = o**3 + 11*o**2 + 20*o + 24. Calculate z(-9).
6
Let b(r) = r**3 - 8*r**2 - 15*r + 56. Give b(9).
2
Let u(d) = 6*d. What is u(3)?
18
Let h(t) = -2*t**3 - 11*t**2 + 6*t + 7. Give h(-6).
7
Let u(x) = -x**3 + 4*x**2 - 2*x + 4. Calculate u(5).
-31
Let h(d) = -7*d + 16. Give h(9).
-47
Let a(p) = -p**3 - 12*p**2 + 2*p - 137. Give a(-13).
6
Let v(x) = x**2 - 16*x - 7. What is v(16)?
-7
Let y(l) = -66*l - 35. What is y(-2)?
97
Let j(i) = -i**2 + 7*i - 24. Give j(6).
-18
Let m(u) = 3*u - 113. Give m(36).
-5
Let n(s) = -s**3 + 8*s**2 + 5*s - 9. Calculate n(8).
31
Let o(w) = 3*w + 22. Calculate o(-5).
7
Let d(m) = -11*m**2 + 2*m + 2. What is d(2)?
-38
Let v(n) = n**3 - 15*n**2 - 2*n - 2. Determine v(15).
-32
Let u(n) = -n**3 - 20*n**2 - 37*n - 17. What is u(-18)?
1
Let j(a) = -70*a**3 + a + 1. Calculate j(-1).
70
Let j(n) = 24*n**2 + n - 1. Calculate j(1).
24
Let c(k) = k**2 + 16*k + 4. What is c(-15)?
-11
Let g(r) = r. Calculate g(2).
2
Let c(g) = -g**3 + 5*g**2 + 11*g - 26. Give c(6).
4
Let b(u) = u**2 - 15*u + 13. Give b(15).
13
Let o(r) = -r - 7. Determine o(7).
-14
Let h(c) = 2*c**3 - 64*c**2 + 28. Calculate h(32).
28
Let t(r) = -r**3 + 12*r**2 + 11*r - 5. What is t(13)?
-31
Let f(b) = b**3 + 3*b**2 - 32*b - 88. What is f(-6)?
-4
Let k(f) = -2*f**2 + 9*f + 17. What is k(-6)?
-109
Let a(u) = -u + 19. Determine a(6).
13
Let b(i) = -i**3 - 17*i**2 - 17*i + 14. Determine b(-16).
30
Let z(m) = m**2 + 8*m + 4. Give z(-5).
-11
Let b(f) = -f**3 + f**2 + 7*f + 12. Give b(-5).
127
Let n(o) = -2*o**2 - 23*o - 12. Calculate n(-10).
18
Let z(x) = -x**3 + 12*x**2 - 12*x - 13. Give z(11).
-24
Let j(t) = 31*t**3 - 2*t**2 + 3*t - 1. Give j(1).
31
Let l(f) = 10*f**2 - 208*f - 47. What is l(21)?
-5
Let h(l) = -l**2 - 2*l + 5. What is h(2)?
-3
Let v(q) = 8*q - 4. Determine v(3).
20
Let z(a) = a**3 + 3*a**2 + 13*a + 2. Calculate z(-3).
-37
Let l(u) = -u**3 - 3*u**2 + 5*u + 24. Give l(-4).
20
Let x(m) = -m**3 + 12*m**2 - 12*m + 15. Calculate x(11).
4
Let v(n) = -6*n**2 - n. Calculate v(1).
-7
Let u(x) = 2*x**3 + 52*x**2 + 96*x + 3. Determine u(-24).
3
Let a(s) = -7*s + 53. Determine a(9).
-10
Let q(u) = u**2 + 18*u + 1. Determine q(-17).
-16
Let i(j) = 2*j**2 - 7*j - 23. Determine i(-6).
91
Let a(h) = -5*h**2 - 6*h - 1. Calculate a(-4).
-57
Let m(o) = -o**2 - 2. Give m(2).
-6
Let y(u) = 12*u - 2. Give y(-7).
-86
Let m(d) = -d**3 + 16*d**2 - 5*d + 12. Determine m(15).
162
Let s(l) = -l**2 + 3*l - 11. Give s(0).
-11
Let p(z) = -z**3 - 9*z**2 + 11*z + 6. Give p(-10).
-4
Let t(i) = 3*i + 20. What is t(-10)?
-10
Let l(o) = 2*o**3 - 5*o**2 + 2*o + 4. What is l(2)?
4
Let z(h) = 16*h**2 - 3*h + 3. Give z(2).
61
Let t(x) = 6*x - 33. Determine t(6).
3
Let k(x) = x**3 - 6*x**2 - 7. Determine k(7).
42
Let b(a) = a**3 - 10*a**2 + 5*a - 2. Calculate b(9).
-38
Let s(p) = -30*p**2 - 2*p + 1. Determine s(1).
-31
Let r(t) = -3*t**2 + 3*t - 2. Calculate r(1).
-2
Let w(c) = -c**3 - 4*c**2 + 6*c - 5. Determine w(-5).
-10
Let i(d) = -d**3 - 9*d**2 - 3*d + 27. Give i(-8).
-13
Let t(z) = 3*z + 12. Determine t(-3).
3
Let m(g) = -2*g**3 + 52*g**2 + 2*g - 31. Give m(26).
21
Let g(m) = -3*m**3 + 2*m**2 + 5*m + 5. Calculate g(-2).
27
Let m(h) = h**2 + 2*h - 4. Give m(-3).
-1
Let i(j) = -77*j - 233. Determine i(-3).
-2
Let q(y) = -y**3 + 5*y**2 - 4*y + 5. Calculate q(4).
5
Let y(p) = 8*p + 36. Determine y(-4).
4
Let g(h) = 5*h - 9. Determine g(6).
21
Let t(u) = -u**3 - 7*u**2 + 11*u + 11. What is t(-8)?
-13
Let m(s) = -2*s - 13. Give m(10).
-33
Let w(y) = -2*y**2 + y + 1. Determine w(-3).
-20
Let p(n) = -n**3 - 12*n**2 + 13*n + 5. Give p(-13).
5
Let s(l) = -48*l - 1. Determine s(1).
-49
Let s(q) = -6*q - 6. Calculate s(0).
-6
Let s(k) = -11*k**2. Give s(-1).
-11
Let c(l) = l + 17. Give c(-9).
8
Let s(h) = 55*h + 668. Calculate s(-12).
8
Let b(x) = x**2 - 16*x - 8. Determine b(16).
-8
Let x(g) = g**3 - 5*g**2 - 5*g + 8. Calculate x(6).
14
Let k(o) = -11*o - 39. What is k(-6)?
27
Let v(f) = 9*f + 15. Determine v(-1).
6
Let j(x) = 3*x + 83. What is j(0)?
83
Let j(i) = i + 1. Determine j(-13).
-12
Let k(b) = 37*b**2 + 108*b - 1. Give k(-3).
8
Let f(w) = w**3 - 8*w**2 - 88*w + 51. Calculate f(14).
-5
Let d(v) = v**2 - 23*v - 29. Determine d(25).
21
Let q(w) = w**3 - 3*w**2 + 3*w - 6. Calculate q(3).
3
Let k(g) = g**3 - 9*g**2 - 12*g + 30. Determine k(10).
10
Let d(u) = -5*u + 3. Give d(3).
-12
Let a(l) = -15*l - 28. What is a(6)?
-118
Let f(z) = -28*z**2 - 113*z. Give f(-4).
4
Let o(b) = 8*b - 41. Calculate o(13).
63
Let d(b) = 7*b**2 - 61*b + 35. What is d(8)?
-5
Let w(y) = y**3 - 15*y - 7. Determine w(4).
-3
Let x(c) = -c**2 + 8*c - 5. Calculate x(5).
10
Let c(b) = -2*b**3 - 42*b**2 + 44*b - 3. What is c(-22)?
-3
Let p(o) = -2*o**2 - 2*o + 5. Determine p(2).
-7
Let q(m) = 3*m - 18. Determine q(5).
-3
Let m(b) = -26*b**2 - 2*b - 7. Give m(-2).
-107
Let i(b) = b - 11. What is i(6)?
-5
Let m(y) = y**3 + 29*y**2 - 29*y + 26. Calculate m(-30).
-4
Let p(a) = -a**3 + 2*a**2 - a - 17. Give p(0).
-17
Let d(f) = -f**2 - 5*f + 33. Calculate d(5).
-17
Let r(a) = -21*a - 42. Determine r(-2).
0
Let b(a) = -a**3 - 19*a**2 - 35*a - 28. What is